-f - 5*a = -k*f + 103, f + 3*a = 30. What are the prime factors of f?
3
Suppose 4*p = 2*p + 158. List the prime factors of p.
79
Suppose 0 = 7*o - 1515 + 423. List the prime factors of o.
2, 3, 13
Suppose w = -4*n + 524, 2*n + w - 260 = -0*n. List the prime factors of n.
2, 3, 11
What are the prime factors of 1880/36 - (-6)/(-27)?
2, 13
Suppose 8*h = 10*h - 210. List the prime factors of h.
3, 5, 7
Suppose 5*o + 3*a = 242, 2*o = -5*a + 67 + 45. List the prime factors of o.
2, 23
What are the prime factors of 0 + (-520)/(-12) - (-12)/18?
2, 11
Suppose -5*y + 68 = -2*f - 2, -4*y + 68 = -4*f. Let v be y/(-2)*1/(-3). Suppose 5 - v = z. What are the prime factors of z?
3
Suppose 2*o + 160 = k, k + 4*o - 153 = -o. What are the prime factors of k?
2, 79
Suppose 4*t = 5*g - 33, 4*t - 4*g = -t - 30. Let f(i) = -i + 1 + 1 - 1. List the prime factors of f(t).
3
Suppose -5*m + 8 = -17. Suppose m*k = -0*k + 50. List the prime factors of k.
2, 5
Let j be (-25)/(-10) + (-1)/2. Suppose 4*h + 2 = -j, -r - 3*h + 11 = 0. What are the prime factors of r?
2, 7
Let g = -44 - 400. Let f be (-1)/(-4) + g/(-16). Suppose -3*s - s + f = 0. List the prime factors of s.
7
Let v = 33 + -16. Let y(f) = f**3 - 5*f**2 - 9*f + 6. Let a be y(6). Let b = a + v. List the prime factors of b.
5
Let g be ((-42)/6)/(1 - 0). Let o = g + 33. List the prime factors of (o/(-3))/(8/(-12)).
13
Let x be 55*1*(6 - 5). Suppose -4*m - 7 = -x. List the prime factors of m.
2, 3
Suppose -146 = -5*h + 3*h. Suppose -2 - h = -5*p. Suppose 3*c - p = -3*v + c, 0 = 4*v - c - 9. What are the prime factors of v?
3
What are the prime factors of (-10)/55 - (-211)/11?
19
Let s = -15 + 11. Let i(p) = 2 - 7*p + 0 - 6. List the prime factors of i(s).
2, 3
Suppose -9*g + 4*g = 0. Let x(u) = -2*u**3 - u**2 + 4*u + 1. Let a be x(-3). Suppose 0 = -3*w + m - g*m + a, 2*w - 3*m = 32. What are the prime factors of w?
2, 5
Let x(l) = l**3 + 5*l**2 + 2*l + 1. Let j(u) = 3 + 0*u**3 - 3*u**2 - 8*u + u**3 + 6*u. Let v be j(3). List the prime factors of x(v).
13
List the prime factors of ((-30)/12)/(5/6 + -1).
3, 5
Let i = 21 - 18. List the prime factors of 27/5 + i/5.
2, 3
Suppose 2*c + 2 - 6 = 4*g, -5*c = 4*g - 24. Suppose c*f - 2*y - 10 = -0*f, -4*f - 3*y = -35. Suppose -f*j + 13 = -4*j. List the prime factors of j.
13
Let d(s) = 2*s**2 + 8*s - 17. What are the prime factors of d(8)?
5, 7
Let j(q) = q + 17. Let r(c) = c**3 + 2*c**2 + c - 2. Let w be r(-2). Let o be 29/w + 3/12. List the prime factors of j(o).
2, 5
Let o(z) = -z**3 - 7*z**2 - 5*z - 4. List the prime factors of o(-8).
2, 5
Let v = -18 + 148. What are the prime factors of v?
2, 5, 13
Suppose -2*m + 2 = -328. What are the prime factors of m?
3, 5, 11
Let m = 7 - -16. Let s = -4 + m. What are the prime factors of s?
19
Let n(v) = -v**3 + 6*v**2 - v + 5. Let h be n(6). Let x(s) = -28*s**3 + s**2 + 2*s + 1. Let o be x(h). Let b = o - 19. What are the prime factors of b?
3
Let h(x) = x**2. Let w be h(2). Let u = 27 - w. What are the prime factors of u?
23
Let j(u) be the third derivative of -5*u**4/24 - 2*u**3/3 + 3*u**2. Let x be j(-4). Suppose 17 + x = 3*b. What are the prime factors of b?
11
Let n be 1*(-2 + 3) - 3. Let s be -4 - (n - 0) - -2. Suppose s = -f + 5*i + 16, 48 = 3*f - 2*i - 2*i. List the prime factors of f.
2
Let g = -514 + 784. What are the prime factors of g?
2, 3, 5
Let j be (-5)/(-3)*(-1 - -7). Let z(i) = i**2 - 5*i - 21. What are the prime factors of z(j)?
29
Let r(c) = -c**3 + 5*c**2 + 2. Let g be r(5). Suppose 2*a = -g*a + 16. What are the prime factors of 1 + 1 - (4 - a)?
2
Let v = -18 + 26. Suppose 7*u - 3*u - v = 0. Suppose 3*i - 5 = -d, -u*i - d + 2*d = -5. What are the prime factors of i?
2
Suppose -f = -2*f. Suppose y + 0*y - 18 = f. What are the prime factors of y?
2, 3
Let n(a) = -a**3 - 2*a**2 + 4*a - 2. Let o be n(-5). Let f = o - 25. List the prime factors of f.
2, 7
Let b = -105 + 209. What are the prime factors of b?
2, 13
Suppose 3*p = 21 + 36. What are the prime factors of p?
19
List the prime factors of (0 + 147/15)/(5/25).
7
Let a = -21 + 53. Suppose -3*x + 7*x = a. List the prime factors of x.
2
Suppose -141 = -j - 2*j. List the prime factors of j.
47
Let a(n) = -n + 4. Let g be a(3). Let b(d) be the third derivative of d**4/4 + d**3/6 - 2*d**2. What are the prime factors of b(g)?
7
Let c = 63 - 38. Suppose 4*t = -r - 41 - 32, 3*t + 56 = -2*r. Let v = t + c. What are the prime factors of v?
7
Let b = 18 + -7. Let w(t) = 5*t - 7. What are the prime factors of w(b)?
2, 3
What are the prime factors of (336 + -1)*(-20)/(-50)?
2, 67
Let x(t) = 3*t**3 + t**2 + 5*t. List the prime factors of x(4).
2, 3, 19
Let a be 13/3 + (-2)/(-3). Let m(s) = 2*s**2 - 7*s + 6. Let f(w) = w**2 + w + 1. Let u(n) = f(n) - m(n). List the prime factors of u(a).
2, 5
Let u be 15/10*(-4)/3. Suppose 5*q + 0*q - 10 = 0. What are the prime factors of q*u*(-10)/4?
2, 5
Suppose 4*y = y + 321. Let i = -76 + y. What are the prime factors of i?
31
Let a be 6 + -2 + 1 + -1. Suppose a*z - 27 = 3*x, -3*x - 10 = 5*z - 37. Let u = z + -4. What are the prime factors of u?
2
Let d = 194 - 17. What are the prime factors of d?
3, 59
Let y = 20 + 113. What are the prime factors of y?
7, 19
List the prime factors of 6/(-4)*(985/(-15) + -5).
2, 53
Let h = 109 + -104. Let o = -30 - -45. Suppose h*v - o = 0, 0 = 2*a - v - v - 14. What are the prime factors of a?
2, 5
Suppose -4*g = -4*c - 4, 3*g = -c - 3*c + 10. List the prime factors of g.
2
Suppose 3*i - o - 183 = 54, 3*o = 5*i - 391. List the prime factors of i.
2, 5
Let m = 156 - 59. List the prime factors of m.
97
Let w be -8 + (-2 - (-7 + 2)). Let m(b) = -2*b**3 - 4*b**2 + 4*b - 2 + 5 + b**3. List the prime factors of m(w).
2
Suppose 22 = -2*q - 6. Let p = q - -27. Let k = p + -7. List the prime factors of k.
2, 3
Suppose 10*n - 579 = 981. What are the prime factors of n?
2, 3, 13
Let m(p) be the second derivative of 2*p**3/3 + p**2/2 - 2*p. Let i be m(3). Suppose 0 = 3*b - i - 2. List the prime factors of b.
5
Let h be 29/9 - 2/9. Let o = 16 - 11. Suppose -16 = -3*f + o*l, h*f = -3*l + l + 23. List the prime factors of f.
7
Let a = -9 - -13. Let b = a + 10. List the prime factors of b.
2, 7
Let d = -494 + 722. List the prime factors of d.
2, 3, 19
Let z(r) = r**3 + 8*r**2 - 8*r + 6. Let y be z(-9). List the prime factors of 26 + 2/1 + y.
5
Suppose 3*k + 2*k = -15. Let h = 6 + k. What are the prime factors of 2/(-3) + 11/h?
3
Suppose 3*t = 4*w + 5, 3*t - 4 - 3 = 5*w. Let c = 5 + w. List the prime factors of c.
3
Suppose -16 = 5*u - 6. List the prime factors of u/4*1*-56.
2, 7
Let p be 1 - (-2 + 2 + -4). Suppose -7*x = -p*x - 66. What are the prime factors of x?
3, 11
Let c = 52 + -18. What are the prime factors of c?
2, 17
Suppose c - 9 - 11 = 0. Suppose c + 4 = 2*h. List the prime factors of h.
2, 3
Suppose -5*g = -25, 0 = -3*p - 0*p + 2*g + 2. Suppose -2*b + 24 - p = 0. What are the prime factors of b?
2, 5
Suppose 3150 = 29*f - 20*f. List the prime factors of f.
2, 5, 7
Suppose 3*f - 6 = -3*d, -d = -2*d + 2*f - 1. What are the prime factors of 4 - (6/3 - d)?
3
Suppose -2*o + 0*g = g - 19, 2*g + 7 = o. List the prime factors of o.
3
Suppose -3*i = 28 - 196. List the prime factors of i.
2, 7
Let q = -5 - -8. Suppose 37 = q*w + 1. List the prime factors of w.
2, 3
Let m be (-3)/(-12) - (-2)/(-8). Suppose -245 = -4*n - m*n - 5*f, -5*n + 4*f = -255. Suppose 4*a - n = -a. List the prime factors of a.
11
Suppose -3*l - 6*l + 306 = 0. List the prime factors of l.
2, 17
Let f(j) = -6*j + 11. List the prime factors of f(-19).
5
What are the prime factors of (0 - (-3)/(-3)) + 55?
2, 3
Let b(z) = -z**3 + 13*z**2 - 11*z - 1. Let g be b(12). Let t = -9 + g. What are the prime factors of t?
2
Let h(a) = -a**2 + 5*a. Let z be -2 - 7/(1 - 2). Let x be h(z). Suppose 2*q = -3*y + 22, x*y - 37 = -3*y - 5*q. List the prime factors of y.
2
Let s(h) = 8*h**2 - 2*h + 7. Let k be s(-3). Suppose -k = -24*l + 19*l. List the prime factors of l.
17
Suppose 2*s + 0*s - 6 = 0. Let x = 5 - s. List the prime factors of x.
2
Suppose 5*u - 4 = 1006. List the prime factors of u.
2, 101
Suppose -3*j - 3*h + 9 = 0, -3*j - h + 3*h = 1. Let k(l) = l + 6. Let f be k(0). Let a = f - j. What are the prime factors of a?
5
Let s(w) = w**3 - 5*w**2 - 3*